 to base 11.
-1440043
2150140 (base 7) to base 13
93331
d2ba6 (base 14) to base 10
507198
What is -2a401 (base 11) in base 9?
-65073
Convert 142786 (base 10) to base 5.
14032121
Convert 75b0e7 (base 16) to base 12.
26bb65b
10000011000101011001 (base 2) to base 4
2003011121
What is -1022120001222 (base 3) in base 14?
-1430c5
What is 104540502 (base 6) in base 8?
7223326
What is 5043155 (base 6) in base 5?
30123213
What is 202121001101 (base 3) in base 16?
62f71
13922b3 (base 12) to base 14
741931
Convert -5459 (base 12) to base 9.
-13656
Convert -109266 (base 11) to base 15.
-36564
-327b35 (base 13) to base 5
-301011113
What is 112031032211 (base 4) in base 5?
2442240344
140144224 (base 5) to base 14
1466d4
17a21 (base 12) to base 7
201664
What is -44320 (base 8) in base 11?
-13006
Convert 12102202211201 (base 3) to base 10.
2888911
-10014242 (base 5) to base 4
-103113122
What is 1011110111101010010 (base 2) in base 15?
7a39b
-22d95d (base 14) to base 3
-2020110101001
What is -58724 (base 10) in base 12?
-29b98
What is -11211223311 (base 4) in base 15?
-1de16c
What is 1001222121110222 (base 3) in base 5?
12420412440
54399 (base 11) to base 3
11000100221
Convert -1130133333 (base 4) to base 7.
-3135414
Convert 4ccb98 (base 13) to base 15.
26a002
-79d53 (base 16) to base 4
-1321311103
What is 73539 (base 10) in base 7?
424254
121039 (base 10) to base 8
354317
Convert 1786e (base 15) to base 16.
1297a
10020001110211 (base 3) to base 12
6a7734
Convert -10109 (base 15) to base 13.
-1a1c3
Convert -23130015 (base 6) to base 4.
-2231231123
5213564 (base 8) to base 7
14514625
What is 20644431 (base 8) in base 3?
22022000212110
110010111010011011011 (base 2) to base 13
46548c
Convert 376762 (base 10) to base 3.
201010211011
2c8707 (base 15) to base 10
2154832
Convert -11100000110011100001 (base 2) to base 6.
-31422545
Convert 1251650 (base 14) to base 11.
4a71570
Convert -430ab (base 16) to base 2.
-1000011000010101011
What is -100201012022 (base 3) in base 16?
-2eaa5
What is 5c7ac (base 16) in base 4?
1130132230
Convert -66007 (base 11) to base 6.
-2015411
What is -6a8a790 (base 11) in base 10?
-12371260
-310122223 (base 4) to base 3
-101220111211
Convert 192cc0 (base 13) to base 9.
1166846
What is -75c41 (base 15) in base 3?
-201000001021
What is -636201 (base 10) in base 12?
-268209
What is 484a7a (base 15) in base 2?
1101001100010100111101
What is -63725 (base 13) in base 2?
-101011101111100011
-9d160 (base 14) to base 4
-1131030000
633123 (base 7) to base 9
175636
120021222101 (base 3) to base 11
196211
What is 33216001 (base 7) in base 3?
12101101110001
-1001100110111100010010 (base 2) to base 7
-30260306
Convert -1220131123 (base 4) to base 16.
-6875b
Convert -33250214 (base 6) to base 10.
-1001890
203030 (base 5) to base 3
100002221
What is -74168 (base 11) in base 7?
-626613
5a96 (base 16) to base 4
11222112
What is -220355050 (base 6) in base 10?
-3950022
33cd05 (base 14) to base 16
1aeb69
-105280 (base 13) to base 6
-12111504
-523134 (base 7) to base 6
-1532220
-1001011001010001101 (base 2) to base 12
-12a1a5
Convert -1ac185 (base 13) to base 12.
-28b6a1
Convert -1125677 (base 12) to base 6.
-154232231
-2427050 (base 10) to base 6
-124004202
-234634 (base 7) to base 14
-116c4
What is 1132541 (base 6) in base 15?
12707
-1134045 (base 6) to base 9
-100202
What is 12320120113 (base 4) in base 15?
2596d4
21232013001 (base 4) to base 11
1490520
What is -37954 (base 15) in base 6?
-3450124
What is 743b07 (base 12) in base 16?
1bf277
What is 6553554 (base 10) in base 9?
13287706
-10110110000101101111010 (base 2) to base 13
-130bb00
Convert -322108 (base 14) to base 8.
-6360374
What is -40510 (base 16) in base 9?
-441331
What is -94674 (base 10) in base 15?
-1d0b9
What is -10141341 (base 5) in base 16?
-14803
-ceabf (base 16) to base 2
-11001110101010111111
Convert -2c3e8 (base 16) to base 12.
-88a60
Convert 2414125 (base 6) to base 5.
13023004
Convert -1c3b1d (base 15) to base 10.
-1379503
Convert 331100312 (base 4) to base 16.
3d436
What is -ac666 (base 16) in base 13?
-1b9553
What is -18015 (base 10) in base 11?
-12598
What is b45bb4 (base 13) in base 16?
404302
-45603151 (base 8) to base 12
-3393921
Convert 32333330301 (base 4) to base 10.
3931953
-165670 (base 8) to base 12
-2ab08
Convert -33013 (base 7) to base 6.
-102054
What is 111420244 (base 5) in base 13?
1459c0
What is -4242535 (base 6) in base 5?
-23123440
What is 2011332130 (base 4) in base 10?
548764
What is 2a707 (base 12) in base 7?
336151
10001010010001011111 (base 2) to base 15
b2c2c
2141340 (base 6) to base 15
218d0
Convert -1113320022 (base 4) to base 11.
-226484
Convert -1b04202 (base 13) to base 5.
-4240421120
Convert -46050a (base 11) to base 15.
-e7145
10110101011101111010 (base 2) to base 7
6214012
2129b8 (base 15) to base 9
2865042
What is 101022120202211 (base 3) in base 7?
64415335
What is 27143 (base 10) in base 16?
6a07
What is -2980267 (base 10) in base 8?
-13274653
148724 (base 10) to base 6
3104312
-1003103113210 (base 4) to base 12
-5aaa084
Convert -4153424 (base 6) to base 11.
-128593
193c0 (base 13) to base 2
1011111101100101
3db4a8 (base 16) to base 14
773a52
Convert -12122021012012 (base 3) to base 14.
-580319
4312200212 (base 5) to base 12
306a2a1
323315131 (base 6) to base 7
66665653
-7c8136 (base 13) to base 15
-3d6d9d
Convert -1298920 (base 13) to base 11.
-3332952
What is -1554053 (base 6) in base 12?
-45929
20222232 (base 5) to base 15
3392c
75851 (base 11) to base 13
3b1b4
Convert -5085a3 (base 11) to base 4.
-3013113231
32611003 (base 7) to base 16
2adeac
Convert -400043 (base 6) to base 8.
-74633
What is 1926293 (base 10) in base 8?
7262225
-1110110010001011111110 (base 2) to base 12
-136a992
What is 10220101112110 (base 3) in base 10?
2074395
b051c (base 16) to base 14
14b2a0
Convert -39925 (base 14) to base 3.
-21012102200
What is -453303 (base 13) in base 5?
-404310303
-226021 (base 9) to base 6
-2523501
-320430310 (base 5) to base 13
-380135
What is 414233010 (base 5) in base 4?
12201320032
-1328183 (base 13) to base 3
-102022121221022
cc7e28 (base 16) to base 10
13401640
What is -328a1a (base 11) in base 5?
-113234224
Convert 12303103320 (base 4) to base 9.
3316766
What is 5a5a053 (base 11) in base 8?
50207010
What is -10110000111010000 (base 2) in base 12?
-44500
Convert -2476085 (base 9) to base 11.
-841959
Convert 11402200 (base 5) to base 6.
2141142
Convert a687 (base 15) to base 3.
1210022201
Convert 201645110 (base 7) to base 12.
3b312b8
Convert 6ba3b (base 13) to base 9.
330542
-12201100121 (base 3) to base 15
-2351a
What is -1105210 (base 7) in base 13?
-4a04a
-2043035 (base 8) to base 4
-2010120131
Convert 4662231 (base 10) to base 2.
10001110010001111010111
15053525 (base 6) to base 8
1770535
211220000001 (base 3) to base 9
756001
Convert -2583965 (base 13) to base 2.
-101100110011110111001110
2100020021001 (base 3) to base 14
2457d7
What is 2105178 (base 10) in base 12?
856336
What is 20210030 (base 5) in base 9?
267706
-1030701 (base 9) to base 10
-551692
-1011122011122 (base 3) to base 15
-c477b
Convert 1000110110110001110100 (base 2) to base 7.
25506202
What is 75764 (base 13) in base 12?
a2955
10011001111010011 (base 2) to base 10
78803
16441252 (base 7) to base 15
21b117
Convert -3e477 (base 15) to base 3.
-101011112111
-2061321 (base 7) to base 5
-31001314
Convert 10111010110011100110000 (base 2) to base 7.
103013152
87582 (base 16) to base 5
120214440
Convert -44070 (base 12) to base 13.
-31c26
Convert -201023111 (base 4) to base 15.
-2a3e8
Convert -75da6 (base 16) to base 9.
-815152
What is -11110011010010101 (base 2) in base 7?
-1026110
-211002104 (base 5) to base 13
-248522
Convert 121032011 (base 5) to base 10.
564631
-1300223 (base 4) to base 14
-28b1
Convert 13127471 (base 8) to base 15.
3cca46
129da (base 14) to base 5
2431420
Convert -430635 (base 7) to base 5.
-4343001
Convert 150235 (base 6) to base 5.
424401
420030223 (base 5) to base 7
20424404
Convert -15444112 (base 6) to base 12.
-226638
What is 113cca4 (base 13) in base 4?
110100330313
Convert -1541976 (base 13) to base 12.
-233bb59
-210312 (base 13) to base 10
-771669
Convert -52554065 (base 7) to base 4.
-100332202220
17573 (base 9) to base 2
10111101100111
6